divisor of z and v?
9
Let d be 162/8 - 1/4. Calculate the greatest common divisor of d and 220.
20
Let m be (-1 - 2)/(-3) + 1. Let x be 259/14 + m/(-4). Calculate the greatest common factor of x and 2.
2
Suppose -57 = -5*v + 53. Let o = -79 + 112. What is the highest common divisor of v and o?
11
Let l be (-16)/(4/(-14) + (-1 - -1)). What is the highest common factor of 14 and l?
14
Let n(g) = -2 - g**2 + 0 + 4 - 1 - 4*g. Let h be n(-3). What is the greatest common factor of h and 8?
4
Let j be ((-8)/6)/(6/(-162)). Suppose -3*w + j + 36 = 0. What is the greatest common factor of w and 12?
12
Let v(s) = 15*s**2 + 15*s**2 - 11*s**2. Let j be v(1). Let y = -11 + 30. Calculate the greatest common divisor of y and j.
19
Let z be 3/2*(-4)/(-3). Suppose 0*o = -z*o - 8, -4*j + 2*o = -40. Calculate the highest common divisor of 2 and j.
2
Suppose 4*c - 3*m - 6 = -2, -16 = 4*m. Let l be (-54)/1*c - -2. Calculate the highest common factor of 10 and l.
10
Let f = 14 - 8. Let t be (-4)/5*(-15)/f. Suppose r = -3*q - 0*r + 35, -t*q + 23 = r. What is the highest common divisor of 108 and q?
12
Suppose 0 = -4*g + 145 + 79. Let d = -2 + 9. What is the highest common factor of g and d?
7
Let p(s) = 3*s**2 + 10*s + 7. Let t be p(-7). Suppose 266 + t = 5*i - 5*x, 0 = 5*i + 4*x - 314. Calculate the greatest common factor of i and 44.
22
Suppose 0 = 3*h - 16 + 1. Let y = 5 + 3. Suppose -o = -h*o + y. Calculate the highest common factor of o and 4.
2
Let x be (-528)/(-21) + 4/(-28). Calculate the greatest common divisor of 25 and x.
25
Let p = -49 - -100. What is the highest common factor of 34 and p?
17
Suppose 34 + 10 = 4*g. Let l = -3 + 12. Let p = l - -2. What is the highest common divisor of g and p?
11
Let a(g) be the second derivative of 0 + g**2 + 1/3*g**3 - g + 1/2*g**4. Let m be a(-2). Calculate the highest common factor of m and 110.
22
Suppose 0 = 2*o + 2*o - 28. Let h = 11 - -14. Let y = h + -11. Calculate the highest common divisor of o and y.
7
Suppose 67 = d - 17. Calculate the greatest common divisor of d and 56.
28
Let n(v) = -3*v + 13. Let l be n(-9). Suppose -5*q = u - 96 - 4, l = 2*q + 4*u. What is the greatest common factor of q and 60?
20
Let c be 9/3 + 7/1. What is the highest common divisor of 10 and c?
10
Suppose 8 = -4*o - 0, 4*o + 10 = 2*u. Let a = u - 3. Let f be 3 + -2 + a - -155. What is the greatest common factor of f and 14?
14
Let j be 850/14 + (-18)/(-63). Calculate the highest common factor of j and 61.
61
Let c be (-12)/(((-7)/2)/7). Calculate the greatest common divisor of 192 and c.
24
Suppose 0 = -t - t. Suppose n - 6 = -t. Let a(l) = l**2 + 9*l + 12. Let g be a(-8). What is the highest common divisor of n and g?
2
Let i be (14 - -1)*(8 - 7). Let g be 1 + 0 - 1*-1. Suppose -a - 4*a + g*f + 56 = 0, 17 = 2*a + f. Calculate the highest common divisor of a and i.
5
Suppose 96 = 6*v - 2*v. What is the greatest common factor of v and 120?
24
Let b(c) = -14*c + 1. Let n be b(-7). Suppose 5*p = -4*j + p + 16, 4*j - 4*p = -8. Suppose -4*k + j = -n. Calculate the highest common factor of 5 and k.
5
Suppose -3*j + j = -3*p + 366, -3*p - j = -357. Calculate the greatest common divisor of p and 15.
15
Suppose -4*l = -2*l - 6. Suppose -l*y + 9 = -0. What is the highest common factor of y and 6?
3
Let y(o) = 2*o - 3 + 14*o + 8. Let h be y(5). What is the greatest common divisor of 17 and h?
17
Let o = -4 - -12. What is the highest common divisor of o and 2?
2
Let a(x) = 4*x + 13. Let t be a(3). Let h(d) = d**3 - 4*d**2 - 8*d + 8. Let o be h(8). What is the greatest common divisor of o and t?
25
Suppose 2*x - 3 - 17 = 0. Calculate the highest common divisor of x and 2.
2
Let i(n) = -13*n**3 + 2*n**2 + n. Let r be i(-1). Let g be (2 - ((-16)/12)/2)*42. What is the greatest common divisor of g and r?
14
Let a = 13 - 22. Let n = a - -18. What is the greatest common factor of 27 and n?
9
Let o be 10/(-4)*-24*3. Let w be 264/121 + 4/(-22). Suppose 0*g + w*g - u = 44, 4*u = -2*g + 24. Calculate the greatest common factor of g and o.
20
Suppose 0*k - 60 = -2*k. Let c = 27 - 17. What is the highest common divisor of k and c?
10
Suppose -3*w = -6*o + 5*o - 25, -5*o + 75 = 5*w. Let c be ((-140)/(-6))/(3/9). What is the highest common factor of c and w?
10
Let m = 57 - 19. Let s = m - 4. Let f(r) = -r**3 + 13*r**2 + 16*r - 11. Let c be f(14). What is the highest common divisor of c and s?
17
Let n be 11*(3 + (-3 - -1)). Let x = n + 6. Suppose 37 = -4*t + 105. Calculate the greatest common divisor of x and t.
17
Suppose o = -o - 8. Let y be 1707/12 + (-3)/o. Calculate the highest common divisor of y and 13.
13
Let x = 24 - 0. Let y = -436 - -439. Calculate the highest common factor of x and y.
3
Let w = 20 - 13. Calculate the greatest common divisor of 21 and w.
7
Let w = -18 + 50. What is the highest common divisor of 8 and w?
8
Let g be 4/(-14) + 2/7. Suppose g = 4*f + 4, m = f - 5*f. What is the highest common divisor of 6 and m?
2
Let j(g) = g + 2. Let y be j(-7). Let s = -3 + y. Let m be (4*-1)/(s/44). Calculate the highest common factor of 11 and m.
11
Let m(h) = 1 + 1 + 2*h + 10. Let x be m(0). What is the highest common divisor of 36 and x?
12
Let f(y) = 13*y + 1. Let j be f(4). Let o = j - 29. Let i = 7 - -5. Calculate the greatest common factor of o and i.
12
Suppose -4*g + 0*g = o - 127, -2*g + 41 = 5*o. Let w(a) = -2*a + 29. Let d be w(13). What is the greatest common factor of g and d?
3
Suppose 5*d - 34 = -29. Let a(o) = o**2 + o - 1. Let b be a(3). Calculate the greatest common factor of d and b.
1
Suppose 8*a - 161 = 295. What is the greatest common divisor of a and 19?
19
Let b be 7 - (-1 + 2) - 3. Suppose 2*o + b*o - 15 = 0. Calculate the greatest common divisor of 27 and o.
3
Suppose 0*b - 5*b = -300. Let q(x) = 4*x + 4. Let r be q(5). What is the highest common divisor of b and r?
12
Let c be (-14)/1*-3 - 6/3. What is the highest common factor of c and 16?
8
Let z(g) = 24*g - 3. Let p be z(5). Let s be (-1 + 4)/(3/p). Calculate the highest common factor of 13 and s.
13
Let x be (24/4)/((-3)/(-4)). Let h(n) = n**2 - 8*n + 5. Let k be h(8). Suppose -k*m + 11 = 1. Calculate the highest common divisor of m and x.
2
Let q(v) = v**2 - 7*v + 11. Let s be q(6). Suppose -3*m - s*g = -720, -4*m = m + 4*g - 1200. Calculate the highest common factor of 30 and m.
30
Let r = 42 + -30. Suppose 2*h + 11 = b - 4*b, -3*h - 3*b = 12. Let t be 191/2 - h/2. What is the highest common factor of t and r?
12
Suppose -5*h + 19 + 1 = 0. Suppose 0 = h*y + 5*n + 151 - 683, 2*y = 5*n + 266. Calculate the highest common factor of y and 19.
19
Suppose 2*u = 4*u + 5*z + 1, 7 = 5*u + 3*z. What is the greatest common factor of u and 2?
2
Let r = 8 - 6. Let l be (r*(-2)/4)/(-1). What is the greatest common factor of l and 3?
1
Suppose -3*f + 161 = -2*a + 37, -165 = -4*f + 3*a. Let c(v) = -v**2. Let k be c(0). Let q be (-3 - k)*(-7)/3. What is the highest common divisor of q and f?
7
Suppose 0 = -150*t + 145*t + 120. Calculate the greatest common factor of t and 56.
8
Suppose -146 - 349 = -5*b. What is the highest common factor of b and 11?
11
Let i = 2 + 1. Let g(y) = y**2 + 6*y + 8. Let k be g(-5). What is the highest common divisor of i and k?
3
Let v = -3 + 2. Let k be v + 10 - (0 + 0). Suppose -11*y - 5*y + 16 = 0. Calculate the highest common divisor of k and y.
1
Suppose -5*j - 340 = -j. Let d = j + 181. Calculate the highest common factor of 24 and d.
24
Suppose -3*b + 52 = 2*o, 0 = -3*b - 3*o - 20 + 68. Suppose 6*u - 4*u - 4 = 0. Let h = 8 + u. What is the highest common factor of b and h?
10
Let o = 73 - 58. What is the greatest common divisor of 5 and o?
5
Let q = 11 - 7. Suppose 11*h = 9*h + q. Suppose -5 = 3*w - 8*w. Calculate the greatest common divisor of h and w.
1
Suppose 3*x + 52 - 193 = 0. Let l be (-2)/9 - x/(-9). Let q be (-10)/4*11*-2. What is the greatest common factor of l and q?
5
Suppose -2*d + 313 - 89 = 0. Let v be (-5)/(-2)*d/20. What is the highest common factor of 70 and v?
14
Let i(m) = -3*m - 3. Let q be i(-8). Calculate the highest common factor of q and 168.
21
Suppose -2*s + 4 = -u, -4*s - s = -5*u. Let j(k) = 0*k + 2 - 3*k + u*k. Let i be j(4). Calculate the highest common divisor of i and 60.
6
Let a be (12/18)/(4/(-294)). Let s